{"id":6888,"date":"2024-12-19T23:46:55","date_gmt":"2024-12-19T22:46:55","guid":{"rendered":"https:\/\/kdsignstudio.fr\/?page_id=6888"},"modified":"2025-04-18T14:05:01","modified_gmt":"2025-04-18T12:05:01","slug":"mentions-legales","status":"publish","type":"page","link":"https:\/\/kdsignstudio.fr\/?page_id=6888","title":{"rendered":"Mentions L\u00e9gales \u2013 KDSIGNSTUDIO"},"content":{"rendered":"\t\t<div data-elementor-type=\"wp-page\" data-elementor-id=\"6888\" class=\"elementor elementor-6888\" data-elementor-post-type=\"page\">\n\t\t\t\t<div class=\"elementor-element elementor-element-510bbdc e-con-full e-flex ecomus-responsive-column ecomus-tablet-column--default ecomus-responsive-column ecomus-mobile-column--default convert--none scrubbed__false pinned__false layout--default bg--none no e-con e-parent\" data-id=\"510bbdc\" data-element_type=\"container\" data-e-type=\"container\">\n\t\t<div class=\"elementor-element elementor-element-adb52e6 e-con-full e-flex ecomus-responsive-column ecomus-tablet-column--default ecomus-responsive-column ecomus-mobile-column--default convert--none scrubbed__false pinned__false layout--default bg--none no e-con e-child\" data-id=\"adb52e6\" data-element_type=\"container\" data-e-type=\"container\">\n\t\t\t\t<div class=\"elementor-element elementor-element-9ca6865 elementor-widget elementor-widget-heading\" data-id=\"9ca6865\" data-element_type=\"widget\" data-e-type=\"widget\" data-widget_type=\"heading.default\">\n\t\t\t\t<div class=\"elementor-widget-container\">\n\t\t\t\t\t<h4 class=\"elementor-heading-title elementor-size-default\">Mentions l\u00e9gales <\/h4>\t\t\t\t<\/div>\n\t\t\t\t<\/div>\n\t\t\t\t<div class=\"elementor-element elementor-element-d8ee223 elementor-widget-divider--view-line elementor-widget elementor-widget-divider\" data-id=\"d8ee223\" data-element_type=\"widget\" data-e-type=\"widget\" data-widget_type=\"divider.default\">\n\t\t\t\t<div class=\"elementor-widget-container\">\n\t\t\t\t\t\t\t<div class=\"elementor-divider\">\n\t\t\t<span class=\"elementor-divider-separator\">\n\t\t\t\t\t\t<\/span>\n\t\t<\/div>\n\t\t\t\t\t\t<\/div>\n\t\t\t\t<\/div>\n\t\t\t\t<div class=\"elementor-element elementor-element-9559ab0 elementor-widget elementor-widget-ecomus-navigation-menu\" data-id=\"9559ab0\" data-element_type=\"widget\" data-e-type=\"widget\" data-settings=\"{&quot;toggle_menu&quot;:&quot;no&quot;}\" data-widget_type=\"ecomus-navigation-menu.default\">\n\t\t\t\t<div class=\"elementor-widget-container\">\n\t\t\t\t\t\t\t\t<div class=\"ecomus-navigation-menu-element\">\n\t\t\t\t\n\t\t\t\t<nav class=\"ecomus-navigation-menu\"><ul id=\"menu-mentions-legales\" class=\"nav-menu ecomus-navigation-menu__menu\"><li id=\"menu-item-6933\" class=\"menu-item menu-item-type-post_type menu-item-object-page menu-item-6933\"><a href=\"https:\/\/kdsignstudio.fr\/?page_id=6888\">Mentions L\u00e9gales \u2013 KDSIGNSTUDIO<\/a><\/li>\n<li id=\"menu-item-6932\" class=\"menu-item menu-item-type-post_type menu-item-object-page menu-item-6932\"><a href=\"https:\/\/kdsignstudio.fr\/?page_id=6912\">Conditions G\u00e9n\u00e9rales de Vente \u2013 KDSIGNSTUDIO<\/a><\/li>\n<li id=\"menu-item-6934\" class=\"menu-item menu-item-type-post_type menu-item-object-page menu-item-6934\"><a href=\"https:\/\/kdsignstudio.fr\/?page_id=6917\">Politique de confidentialit\u00e9<\/a><\/li>\n<li id=\"menu-item-6931\" class=\"menu-item menu-item-type-post_type menu-item-object-page menu-item-6931\"><a href=\"https:\/\/kdsignstudio.fr\/?page_id=6922\">Accessibilit\u00e9 \u2013 KDSIGNSTUDIO<\/a><\/li>\n<\/ul><\/nav>\t\t\t<\/div>\n\t\t\t\t\t\t<\/div>\n\t\t\t\t<\/div>\n\t\t\t\t<\/div>\n\t\t<div class=\"elementor-element elementor-element-91cf54d e-con-full e-flex ecomus-responsive-column ecomus-tablet-column--default ecomus-responsive-column ecomus-mobile-column--default convert--none scrubbed__false pinned__false layout--default bg--none no e-con e-child\" data-id=\"91cf54d\" data-element_type=\"container\" data-e-type=\"container\">\n\t\t\t\t<div class=\"elementor-element elementor-element-a5bacd2 elementor-widget elementor-widget-heading\" data-id=\"a5bacd2\" data-element_type=\"widget\" data-e-type=\"widget\" data-widget_type=\"heading.default\">\n\t\t\t\t<div class=\"elementor-widget-container\">\n\t\t\t\t\t<h4 class=\"elementor-heading-title elementor-size-default\">Mentions l\u00e9gales <\/h4>\t\t\t\t<\/div>\n\t\t\t\t<\/div>\n\t\t\t\t<div class=\"elementor-element elementor-element-17ad6cb elementor-widget__width-inherit elementor-widget-divider--view-line elementor-widget elementor-widget-divider\" data-id=\"17ad6cb\" data-element_type=\"widget\" data-e-type=\"widget\" data-widget_type=\"divider.default\">\n\t\t\t\t<div class=\"elementor-widget-container\">\n\t\t\t\t\t\t\t<div class=\"elementor-divider\">\n\t\t\t<span class=\"elementor-divider-separator\">\n\t\t\t\t\t\t<\/span>\n\t\t<\/div>\n\t\t\t\t\t\t<\/div>\n\t\t\t\t<\/div>\n\t\t\t\t<div class=\"elementor-element elementor-element-7ef04f8 elementor-widget__width-initial elementor-widget-mobile__width-inherit elementor-widget elementor-widget-text-editor\" data-id=\"7ef04f8\" data-element_type=\"widget\" data-e-type=\"widget\" data-widget_type=\"text-editor.default\">\n\t\t\t\t<div class=\"elementor-widget-container\">\n\t\t\t\t\t\t\t\t\t<h5>Mentions l\u00e9gales<\/h5><p>Ce site (<strong><a href=\"http:\/\/www.kellymagris.com\/\">www.kellymagris.com<\/a><\/strong>) est la propri\u00e9t\u00e9 de <strong>Kelly MAGRIS<\/strong>, Entrepreneur individuel immatricul\u00e9 sous le SIREN <strong>980 978 951<\/strong>, dont les coordonn\u00e9es sont :<\/p><ul><li><strong>Adresse du si\u00e8ge social :<\/strong> Cannes, France<\/li><li><strong>Courrier \u00e9lectronique :<\/strong> contact@kdsignstudio.fr<\/li><li><strong>N\u00b0 de TVA intracommunautaire :<\/strong> FR30980978951<\/li><\/ul><p>Le Directeur de la publication du site est <strong>Kelly MAGRIS<\/strong>, en sa qualit\u00e9 de propri\u00e9taire.<\/p><p>Le prestataire assurant l\u2019h\u00e9bergement du site ainsi que le stockage des informations est la soci\u00e9t\u00e9 <strong>HOSTINGER<\/strong> (<a href=\"http:\/\/www.hostinger.com\/\">www.hostinger.com<\/a>). La cr\u00e9ation graphique du site a \u00e9t\u00e9 r\u00e9alis\u00e9e par la soci\u00e9t\u00e9 <strong>AXTRACOM<\/strong> (<a href=\"http:\/\/www.axtracom.com\/\">www.axtracom.com<\/a>).<\/p><hr \/><h5>Contenu du site<\/h5><p><strong>Kelly MAGRIS<\/strong> garantit les caract\u00e9ristiques essentielles des services propos\u00e9s. <strong>Kelly MAGRIS<\/strong> ne peut \u00eatre tenue responsable de l\u2019utilisation et de l\u2019interpr\u00e9tation des informations contenues dans ce site.<\/p><p><strong>Kelly MAGRIS<\/strong> ne peut \u00eatre tenue pour responsable d\u2019\u00e9ventuels virus qui pourraient infecter l\u2019ordinateur ou tout mat\u00e9riel informatique de l\u2019utilisateur, suite \u00e0 une utilisation, \u00e0 l\u2019acc\u00e8s, ou au t\u00e9l\u00e9chargement provenant de ce site.<\/p><p><strong>Kelly MAGRIS<\/strong> se r\u00e9serve le droit de modifier le contenu de ses offres \u00e0 tout moment, \u00e9tant entendu que toute commande effectu\u00e9e avant la modification de l\u2019offre sera honor\u00e9e.<\/p><hr \/><h5>Droits d\u2019auteurs et propri\u00e9t\u00e9 intellectuelle<\/h5><p>Ce site est la propri\u00e9t\u00e9 de <strong>Kelly MAGRIS<\/strong>, qui est titulaire de tous les droits de propri\u00e9t\u00e9 intellectuelle. Ce site constitue une \u0153uvre prot\u00e9g\u00e9e au titre de la propri\u00e9t\u00e9 intellectuelle, incluant la structure g\u00e9n\u00e9rale du site, le graphisme ainsi que les \u00e9l\u00e9ments accessibles sur le site (formulaires, textes, photographies, images\u2026).<\/p><p>Sauf autorisation \u00e9crite pr\u00e9alable de <strong>Kelly MAGRIS<\/strong>, le site et les informations qui y figurent ne peuvent \u00eatre copi\u00e9s, reproduits, modifi\u00e9s, transmis, publi\u00e9s sur quelque support que ce soit, ni exploit\u00e9s en tout ou partie \u00e0 des fins commerciales ou non commerciales, ni servir \u00e0 la r\u00e9alisation d\u2019\u0153uvres d\u00e9riv\u00e9es.<\/p><p>Le non-respect de ces r\u00e8gles peut engager la responsabilit\u00e9 de l\u2019utilisateur au sens des articles L. 713-2 et L. 713-3 du Code de la Propri\u00e9t\u00e9 Intellectuelle.<\/p><p><strong>Cr\u00e9dit photo : AXTRACOM &amp; Kelly MAGRIS.<\/strong><\/p><hr \/><h5>Politique de confidentialit\u00e9 des donn\u00e9es personnelles<\/h5><p><strong>Kelly MAGRIS<\/strong> met en \u0153uvre des traitements de donn\u00e9es \u00e0 caract\u00e8re personnel. En utilisant notre site, vous consentez \u00e0 notre politique de confidentialit\u00e9.<\/p><h5>Donn\u00e9es collect\u00e9es :<\/h5><p>Nous recueillons les informations suivantes lorsque vous utilisez notre site :<\/p><ul><li>Nom<\/li><li>E-mail<\/li><li>Adresse<\/li><li>T\u00e9l\u00e9phone<\/li><li>Code postal<\/li><li>Ville<\/li><\/ul><h5>Utilisation des donn\u00e9es :<\/h5><p>Ces donn\u00e9es permettent de :<\/p><ul><li>G\u00e9rer notre relation commerciale<\/li><li>Personnaliser votre exp\u00e9rience et r\u00e9pondre \u00e0 vos besoins<\/li><li>Am\u00e9liorer notre service client<\/li><li>Vous contacter par e-mail<\/li><\/ul><p>La dur\u00e9e de conservation des donn\u00e9es d\u00e9pend du service souscrit. Nous ne conservons pas vos donn\u00e9es au-del\u00e0 de la dur\u00e9e n\u00e9cessaire, augment\u00e9e des obligations l\u00e9gales.<\/p><p>Nous ne partageons pas vos informations personnelles sans votre consentement, sauf pour traiter des demandes ou transactions (par exemple, pour l\u2019exp\u00e9dition d\u2019une commande).<\/p><h5>S\u00e9curit\u00e9 des donn\u00e9es :<\/h5><p>Des mesures de s\u00e9curit\u00e9 sont mises en place pour prot\u00e9ger vos informations personnelles. L\u2019acc\u00e8s \u00e0 vos donn\u00e9es est limit\u00e9 aux services n\u00e9cessaires (facturation, service client). Les serveurs de stockage sont s\u00e9curis\u00e9s.<\/p><h5>Cookies :<\/h5><p>Le site utilise des cookies pour am\u00e9liorer votre exp\u00e9rience. Vous pouvez configurer votre navigateur pour bloquer les cookies, si n\u00e9cessaire.<\/p><h5>Vos droits :<\/h5><p>Conform\u00e9ment au RGPD, vous disposez d\u2019un droit d\u2019acc\u00e8s, de rectification, de suppression et d\u2019opposition au traitement de vos donn\u00e9es. Ces droits peuvent \u00eatre exerc\u00e9s en envoyant une demande \u00e9crite et sign\u00e9e, accompagn\u00e9e d\u2019une copie d\u2019une pi\u00e8ce d\u2019identit\u00e9, \u00e0 <strong>Kelly MAGRIS<\/strong>.<\/p><hr \/><h5>Liens hypertextes vers des sites tiers<\/h5><p>Ce site peut contenir des liens vers des sites tiers. Ces liens sont \u00e9tablis de bonne foi, mais <strong>Kelly MAGRIS<\/strong> ne peut \u00eatre tenue responsable des modifications intervenues sur ces sites. La responsabilit\u00e9 de ces sites tiers incombe uniquement \u00e0 leurs \u00e9diteurs.<\/p><hr \/><h5>Droit applicable<\/h5><p>Ce site ainsi que les pr\u00e9sentes mentions l\u00e9gales sont soumis au droit fran\u00e7ais.<\/p>\t\t\t\t\t\t\t\t<\/div>\n\t\t\t\t<\/div>\n\t\t\t\t<\/div>\n\t\t\t\t<\/div>\n\t\t\t\t<\/div>\n\t\t","protected":false},"excerpt":{"rendered":"<p>Mentions l\u00e9gales Mentions l\u00e9gales Conditions de vente Politique de confidentialit\u00e9 Accessibilit\u00e9 Mentions l\u00e9gales Mentions l\u00e9gales Ce site (www.kellymagris.com) est la&#8230;<\/p>\n","protected":false},"author":1,"featured_media":0,"parent":0,"menu_order":0,"comment_status":"closed","ping_status":"closed","template":"","meta":{"_acf_changed":false,"footnotes":""},"class_list":["post-6888","page","type-page","status-publish","hentry"],"acf":[],"_links":{"self":[{"href":"https:\/\/kdsignstudio.fr\/index.php?rest_route=\/wp\/v2\/pages\/6888","targetHints":{"allow":["GET"]}}],"collection":[{"href":"https:\/\/kdsignstudio.fr\/index.php?rest_route=\/wp\/v2\/pages"}],"about":[{"href":"https:\/\/kdsignstudio.fr\/index.php?rest_route=\/wp\/v2\/types\/page"}],"author":[{"embeddable":true,"href":"https:\/\/kdsignstudio.fr\/index.php?rest_route=\/wp\/v2\/users\/1"}],"replies":[{"embeddable":true,"href":"https:\/\/kdsignstudio.fr\/index.php?rest_route=%2Fwp%2Fv2%2Fcomments&post=6888"}],"version-history":[{"count":32,"href":"https:\/\/kdsignstudio.fr\/index.php?rest_route=\/wp\/v2\/pages\/6888\/revisions"}],"predecessor-version":[{"id":8006,"href":"https:\/\/kdsignstudio.fr\/index.php?rest_route=\/wp\/v2\/pages\/6888\/revisions\/8006"}],"wp:attachment":[{"href":"https:\/\/kdsignstudio.fr\/index.php?rest_route=%2Fwp%2Fv2%2Fmedia&parent=6888"}],"curies":[{"name":"wp","href":"https:\/\/api.w.org\/{rel}","templated":true}]}}